?
2
What is the remainder when 269 is divided by 2/(-19) + 1554/(-399) + 58?
53
Let v(i) = -i + 14. What is the remainder when 44 is divided by v(12)?
0
Let j = -319 + 373. Calculate the remainder when j is divided by 30.
24
Suppose 5*g - 8 = g. Let o be g/(-4) - 81/6. What is the remainder when 2/7 + (-234)/o is divided by 7?
3
Suppose 5*p - 5*a - 200 = 0, -4*a + 240 = 5*p + a. What is the remainder when p is divided by 14*1 + (-6)/3?
8
Suppose 0*p = 5*i + 4*p - 8, 4*p = i + 8. Suppose -3*x + 398 = -i*x + 2*s, -2*x + 268 = 2*s. What is the remainder when x is divided by 44?
42
Calculate the remainder when (2 + -1)/(-2)*-98 is divided by (-3 + (-2)/(-4))*(147 + -151).
9
Suppose -6 = j - 3*j. Let x(r) = 4*r + 2. Let p(f) = 25*f + 1. What is the remainder when p(1) is divided by x(j)?
12
Suppose -5 + 21 = 4*q. Suppose q*g = 213 + 79. Calculate the remainder when 52 is divided by g/4 - 4/16.
16
Let j(r) = -r**2 - 9*r - 16*r + 51*r - 25. What is the remainder when j(13) is divided by 21?
18
What is the remainder when 2 is divided by (-12)/(-2) + (-56)/14?
0
Calculate the remainder when 648 is divided by (-4 + (-266)/(-28))/((-2)/(-4)).
10
Suppose -99*z - 520 = -107*z. Let n = 3 - 2. Calculate the remainder when z is divided by -2*(0 + n) - -35.
32
Let s = -99 + 121. Suppose -4*g + 52 = -0*g. Calculate the remainder when s is divided by g.
9
Suppose 0 = 5*l + 3*r - 759, -306 = -2*l - 0*l - 2*r. Let m = l - 67. What is the remainder when m is divided by 17?
15
Suppose r - 4*r = -162. Suppose 4*q + 3*k - 112 = k, 2*k - r = -2*q. Suppose 3*m = 2*f - 96 + 39, f - q = 2*m. Calculate the remainder when 52 is divided by f.
25
What is the remainder when 135 is divided by 9 - 714/78 - 925/(-13)?
64
Let v(n) = 6*n**2 - 8*n + 10. Calculate the remainder when v(8) is divided by 67.
62
Suppose 20 = j - 5. Calculate the remainder when 298 is divided by j.
23
Let h = 7089 + -7021. Suppose 5*j - 64 - 6 = 0. What is the remainder when h is divided by j?
12
Let f(h) = h**2 - 6*h - 10. What is the remainder when 83 is divided by f(9)?
15
Let c be (-1)/(2/18*-3). Suppose 0 = -5*h + g + 27, -23 = -c*h - 0*h + 4*g. Let d = 8 - 2. What is the remainder when d is divided by h?
1
Suppose 8*q - 210 = -2*q. Let i(h) = -7*h**3 - h**2. Let o be i(1). What is the remainder when q is divided by (-4)/(-16) + (-46)/o?
3
Suppose 0 = 2*t - 8 - 2. Suppose 0 = -t*f + 2*f + 60. Let h = 30 - -29. Calculate the remainder when h is divided by f.
19
Suppose 21*a - 195 = 20*a. What is the remainder when a is divided by 17?
8
Suppose 4076 = 3*l - y, 0 = -46*y + 51*y + 25. Calculate the remainder when l is divided by 17.
14
Suppose 12 = -18*d + 192. Suppose -d*w + 5*w = 2*x - 53, w - 1 = 2*x. What is the remainder when 0/(-1 - 0) + 26 is divided by w?
8
Let i = -5 - -12. Let p = i - 4. Suppose p*d - 20 = 1. Calculate the remainder when d is divided by 2.
1
Let s(n) be the first derivative of -n**3/3 - 12*n**2 + 7*n - 15. Calculate the remainder when s(-18) is divided by 60.
55
Let r = 21 + -7. Let n = -3 + r. Let m(q) = -11*q + 20. Calculate the remainder when m(-3) is divided by n.
9
Suppose 3*x = -3*g + 2*g + 28, -4*g = 3*x - 157. Suppose 4*m - 61 - 95 = 0. What is the remainder when g is divided by 92/(-6)*m/(-26)?
20
Suppose 3*p = 6*p + 5*n + 82, -2*p = 4*n + 52. Let m = p + 45. What is the remainder when m is divided by (-4)/(-10) + (-33)/(-5)?
4
Suppose -19 - 749 = -12*s. Suppose p = -3*j + 10, 5*p = 4*j + j + 70. Calculate the remainder when s is divided by p.
12
Suppose -8*l - 9 = l. Calculate the remainder when l/5 - 1444/(-20) is divided by 25.
22
Suppose 4*i + 2*f - 3*f + 2 = 0, -2*i + 2*f = 4. Suppose 0 = -i*l - 3*l + 21. Suppose -g + 4*g - 75 = 0. What is the remainder when g is divided by l?
4
Suppose 0 = -0*b - b + 4*d + 28, 0 = -d + 4. Calculate the remainder when 81 is divided by b.
37
Let m = -10 + 5. Let s = m - -8. Calculate the remainder when 5*((-4)/5 - -2) is divided by s.
0
Let n(g) = g + 24. Let s be n(-14). Suppose s*p + 126 = 1896. What is the remainder when p is divided by 45?
42
Let o be (-25)/(24/(-20) - 1/(-5)). Let x = 36 - o. What is the remainder when 75 is divided by x?
9
Let w(j) = -13*j - 102. Let h be (-3 + -1)*9/(-12). Suppose 4*m = h*m + 6. What is the remainder when w(-9) is divided by m?
3
Suppose 5*b + o = 127 + 249, -3*o = 4*b - 303. Let w = -61 + b. Suppose -2*s + 15 + 89 = 0. Calculate the remainder when s is divided by w.
10
Calculate the remainder when 151 is divided by (36/(-27) + 0)/((-2)/33).
19
Suppose 6*y - 4 = 4*y. Let a(g) = -g**3 + 5*g**y + 6 - 4 - 2*g + g + 9. Calculate the remainder when 21 is divided by a(5).
3
Let p = -82 + 95. Calculate the remainder when 309 is divided by p.
10
Suppose -122 = -6*l - 20. Suppose -f = -3*f - 5*a + 40, -f + 3*a + 9 = 0. Calculate the remainder when l is divided by f.
2
Suppose 2*v = -n + 2 - 6, -4*v - 12 = 3*n. Let c be (-1 + 2 - v) + 0. What is the remainder when (3 + -3 + 2)*c is divided by 2?
0
Let z = 246 + -94. Calculate the remainder when z is divided by 43.
23
Suppose -55 = -4*l - 4*r + 117, 3*r + 255 = 5*l. Let f(a) = -a + 7. Let g be f(-6). Let j = g + 0. What is the remainder when l is divided by j?
9
Suppose 0 = v - 5*o + 47 + 3, 3*v - 4*o = -95. Let i = v + 35. What is the remainder when 17 is divided by i?
7
Suppose p - 2*p = -16. Calculate the remainder when 930/40 - 6/(-8) is divided by p.
8
Let s(m) = -2*m + 1. Calculate the remainder when s(-3) is divided by 4.
3
Let a = -158 - -212. What is the remainder when a is divided by 16?
6
Suppose 6 = 3*d - s - 20, 0 = 5*d + s - 46. What is the remainder when 25 is divided by d?
7
Let k = 423 - 199. Suppose 3*f + 122 = 2*n + 4*f, 0 = -4*n + 3*f + k. Suppose -3 + 51 = 4*t. What is the remainder when n is divided by t?
11
Suppose -6*j - 5*x - 94 = -8*j, -j - 4*x + 34 = 0. What is the remainder when 237 is divided by j?
27
Let g be (-2)/(-6)*(-12)/(-2). Suppose 0 = 88*r - 83*r. Suppose -4*f + 5*b - g = -3*f, r = -4*f + b + 68. What is the remainder when 53 is divided by f?
17
Let y = -646 + 692. What is the remainder when 226 is divided by y?
42
Let c be -3 + ((-13)/2)/(4/(-72)). Suppose 0 = s + 27 - c. What is the remainder when s is divided by 18?
15
What is the remainder when (-713)/(-13) - (-20)/130 is divided by 7?
6
Let c(t) = -t + 28. Let i be c(9). Let l = -11 + i. Suppose -4*b = p - 19, -b = -0*b - 1. Calculate the remainder when p is divided by l.
7
Let x = 123 - 119. Suppose -3*j + 5*j - 30 = -4*s, 15 = 3*j - x*s. What is the remainder when 43 is divided by j?
7
Suppose 3*p + p = 12. Let n = p - 1. What is the remainder when (n/3)/((-18)/(-1107)) is divided by 22?
19
Let y(s) = 4*s**2 - 5. Let m be (4/3)/2*-6. Let o = 8 - -22. Calculate the remainder when y(m) is divided by o.
29
Suppose -2*g = -3*y - 24, 4*y + 1 - 20 = -3*g. What is the remainder when 48 is divided by g?
3
Suppose -21 = -3*u + 2*u. Suppose -103*f = -109*f + 48. What is the remainder when u is divided by f?
5
Suppose -936*n = -943*n + 1855. Calculate the remainder when n is divided by 129.
7
Suppose -3*a = 3 - 57. Let l(v) = v**2 + 2*v - 4. What is the remainder when a is divided by l(-5)?
7
Suppose 4*g = 6*g - w - 72, -g = -3*w - 31. Let z = -22 + g. What is the remainder when 29 is divided by z?
14
Let w(t) = 5*t**2 - 32*t - 33. Calculate the remainder when w(10) is divided by 34.
11
Suppose 0*a - 5*a = 45. Let u be (28/42)/((-2)/a). Suppose 0 = 4*q + 3*l - 2*l - 75, 0 = -u*l - 15. Calculate the remainder when 57 is divided by q.
17
Suppose 0 = -15*q + 25 + 875. What is the remainder when q is divided by 30?
0
Let p(s) = -8 - 7*s + 5*s**2 - 7 + 13. Let f be p(6). Suppose -5*k = 3*w - f, 0 = 5*k - 2*w + 7*w - 140. What is the remainder when k is divided by 14?
12
Let m(x) be the second derivative of x**4/4 + 7*x**3/6 + 7*x**2/2 + 18*x. Calculate the remainder when 50 is divided by m(-3).
11
Suppose 20*p + 232 = 572. What is the remainder when 64 is divided by p?
13
Let k(s) = s**3 - 15*s**2 + 16*s + 26. What is the remainder when k(14) is divided by 28?
26
Let o(a) = -a**3 - 7*a**2 - a + 3. Let y(w) = -w**3 - 7*w**2 - 7. Let g be y(-7). Calculate the remainder when 38 is divided by o(g).
8
Calculate the remainder when 1003 is divided by (43 - 52) + (-260)/(-4).
